f s(l)?
5
Suppose 3*c - 79 = i - 3*i, 0 = -2*i - 2. Suppose 2*u = r - 455, u - 930 = -29*r + c*r. What is the hundreds digit of r?
4
Let o = 639 + -636. Suppose 1455 = 2*n + 5*g, -o*n + 7*g + 2200 = 11*g. What is the tens digit of n?
4
Let r(w) = -w**3 + 17*w**2 - w + 19. Let g = 59 + -24. Suppose -6*a + g + 67 = 0. What is the units digit of r(a)?
2
Suppose -124*f + 358 = 110. Let n = 13 + -8. Suppose n*r + c = 822, -4*r + f*c + 173 = -493. What is the units digit of r?
5
Let o = -123 + 125. What is the units digit of 79*(-2 + 1 + o)?
9
Suppose b - 17 = -5*y, 5*y - 11*b = -8*b + 9. Suppose -3*h + 5*j = -8*h + 6935, 4149 = y*h - 3*j. What is the tens digit of h?
8
Suppose -t = 3*x + 3*t - 23, -2*t = -10. Suppose -4*f + k = 302, -9 = 5*k + x. What is the tens digit of (-3 - 1)/(4/f)?
7
Let o(s) = s**3 + 35*s**2 + 16*s - 141. Let u be o(-29). Suppose 3*k = -9, -2*k - 389 = -4*t + u. What is the units digit of t?
6
Suppose 13*l = -43 - 9. Let w(x) = -4*x**2 - 2*x + 3. Let p(c) = 3*c**2 + 2*c - 4. Let q(m) = l*w(m) - 5*p(m). What is the units digit of q(8)?
6
Suppose -5*j + 17 = -j - z, 4*j = 4*z + 8. Suppose -6*o = -2*o + 5*x - 913, j*o + 4*x = 1130. What is the units digit of o?
2
Let t be 2/(-7) - (-80)/35. Let j(g) = g + 15 + 0*g**3 + 5*g - g**3 - 3 + 8*g**t. What is the hundreds digit of j(7)?
1
Suppose -2 = 2*w - 2*n, 4*w - 2*n = 6*w - 2. Suppose w = 5*p - 20, -2*r - p = p - 650. What is the tens digit of r?
2
Suppose -118 = -15*n - 13. Suppose 0 = -n*o + 47 - 19. What is the units digit of o?
4
Let k be (1 - (4 + 0)) + 5. Let z be (-8 - (-6)/(-3))/k. What is the units digit of z + 166/2 + 6/2?
1
Suppose 4*w = -20, 4*a + 8 = -w - 3*w. Suppose -7*t = -a*t - t. Suppose -5*u + 565 = 3*k - t*u, 3*k + 3*u = 555. What is the units digit of k?
0
Let v be -1 - -2 - (3 + -3). Let y(c) = -c**3 - 12*c**2 + 7*c - 3. Let j be y(-13). What is the tens digit of (j/(-2) + v)*-4?
4
Let n(t) = t**3 + 29*t**2 + 21*t + 18. Let g be n(-15). Suppose 30*f + g = 37653. What is the tens digit of f?
6
Suppose 37*j = -188*j + 1052100. What is the units digit of j?
6
Let z(g) = 24*g - 2. Let r be z(-3). Suppose 4966 + 24449 = -249*a - 1959. Let y = r - a. What is the tens digit of y?
5
Suppose -3*u + 16578 = 3*q, 11299 = 2*u - 5*q + 254. What is the thousands digit of u?
5
Let h(j) = j**3 - 21*j**2 - 45*j - 40. Let w be h(23). What is the units digit of -2642*(-2)/4*(-16 - w)?
1
Suppose 24*x = -40*x + 6*x + 618802. What is the hundreds digit of x?
6
Let t = -3 - -9. Suppose -t*w + w - 12780 = 0. What is the hundreds digit of w/(-14) + (12/7)/4?
1
Let r(y) = y**3 + 8*y**2 + 10*y - 1. Let i be r(-8). What is the units digit of ((-1)/2)/(i/(-82) - 1)?
1
Suppose 22 - 8 = k. Let g be (-5 - k/(-4))*2. What is the tens digit of (-1 - 1/3) + (-328)/g?
0
Let l be 895 + (-18)/(-6)*8/(-6). Suppose 33 = 3*o - l. What is the tens digit of o?
0
Suppose -l + 2*a + 0*a = 3, -4*l = -a + 19. Let f be l/(-25) + (-536)/5. Let u = 17 - f. What is the tens digit of u?
2
Let p = 108 - 106. Let k be (-1)/(p - (-9)/(-6)). What is the tens digit of 0 - (-139 + k/4*0)?
3
Let h(p) = p**2 - p + 1. Let y be h(2). Let l(r) = -10*r + 6. Let o(m) = -10*m + 7. Let g(b) = -3*l(b) + 2*o(b). What is the units digit of g(y)?
6
Let a(f) = -48*f**3 + 40*f**2 + 125*f - 13. What is the ten thousands digit of a(-7)?
1
Suppose 19*t - 3*l = 16*t - 27, -3*l = 4*t + 8. What is the hundreds digit of 1*401*(t - (-1 - 6))?
8
Suppose 84*c = -31*c + 284050. What is the units digit of c?
0
Let k = 277 + -273. Suppose -816 = -k*b - 5*i, 11*i - 13*i + 804 = 4*b. What is the units digit of b?
9
Let f = 7313 - 1333. What is the units digit of f?
0
Let m(i) = i**2 - 9*i - 3. Suppose 3*c - 4*r + 34 - 122 = 0, -c - 2*r + 16 = 0. Suppose -14*g = -10*g + c. What is the tens digit of m(g)?
8
Suppose -10*k + 873 = -k. Suppose -k*x = -96*x - 500. What is the hundreds digit of x?
5
Let j(c) = c**2 + 5*c - 14. Let i be j(-7). Let x be ((-33)/22)/((-2)/4). Suppose i = v - 3*l - 6, 24 = -x*v + 7*v + 5*l. What is the units digit of v?
6
Let p(y) = 22*y + 52. Let u(b) = -23*b - 53. Let z(k) = 4*p(k) + 3*u(k). What is the tens digit of z(18)?
9
Let q(t) = 4 - 1 + 2*t**2 - 4*t + 0*t**2 + 6 + 11. What is the hundreds digit of q(21)?
8
Suppose -4*b = 2*s - 15786, -4*b = -2*s - 19959 + 4185. What is the thousands digit of b?
3
Let l(t) be the third derivative of t**5/30 - 29*t**3/2 + t**2 - 5. What is the units digit of l(10)?
3
Let c be 0 + 53 - (3 - (-10)/(-2)). Suppose 60*f = c*f + 145. Suppose 3*u = -3*y + 234, f = -y + 4*u + 127. What is the tens digit of y?
8
Suppose 0 = 50*o - 592084 + 10634. What is the units digit of o?
9
Suppose 47*j - 22*j = -62*j + 474498. What is the hundreds digit of j?
4
Let n(q) = 3*q - 9. Let v be n(4). What is the units digit of 1/v + (-7555)/(-15)?
4
Suppose 58 + 194 = -14*w. What is the hundreds digit of (-390)/4*(w + 16) - 0?
1
Suppose -183*i + 691542 - 192004 = -462493. What is the thousands digit of i?
5
Suppose 0 = 7*q - 0*q - 16374 - 47242. What is the hundreds digit of q?
0
Let n(b) = 12*b - 509. Let z be n(36). What is the hundreds digit of (-43981)/z - 6/33?
5
What is the thousands digit of 1*(1266 + -6*12/9)?
1
Let w(n) = n - 1. Let u be w(3). Let b be u*(-172)/(-8)*1. Suppose -b = -q - 5. What is the units digit of q?
8
Let n = 203 + 255. Let k = -270 + n. What is the units digit of k?
8
Let h = 70 + -68. Suppose 5*l = 2*n - 525, h*l - 249 = 2*n - 3*n. What is the tens digit of n?
5
Let z(o) = -o**3 - 7*o**2 - 8*o + 10. Let n be z(-5). Suppose n*b - 151 = -i + 5*b, 5*b = -2*i + 257. Suppose 0*x = -2*x + i. What is the units digit of x?
8
Let p be (-168969)/(-45) - (-4 + 116/30). Suppose p - 477 = 22*x. What is the tens digit of x?
4
Let k be -138*(-13)/((-182)/(-21)). Let x be -135 + (-2 - 0) + 2. Let c = x + k. What is the tens digit of c?
7
Let a = 200 + -188. Suppose a*q - 152 = 268. What is the tens digit of q?
3
Let y(a) = 2*a - 12. Let b(z) = 12*z - 73. Let m(h) = -6*b(h) + 34*y(h). Let c(n) = 7*n - 59. Let d(r) = -4*c(r) - 9*m(r). What is the units digit of d(17)?
2
Let a = 1163 - 606. Let u = a - 94. Let c = u - 245. What is the tens digit of c?
1
Let j = 8770 + -3968. What is the thousands digit of j?
4
Let r = 51 - 192. Let f = 153 - r. What is the tens digit of f?
9
Suppose -3*u = -v + 4, -3*u + 6*u - 5*v - 4 = 0. What is the units digit of 0 + u + (-2)/(4/(-626))?
1
Suppose 21271 = -12*q - 6713. What is the units digit of q*(-7)/70 - (-4)/5?
4
Suppose -485*x + 14808 = -484*x. What is the units digit of x?
8
Suppose -8*s = 4*o - 3*s - 1491, s = 2*o - 749. Let f = o - 301. What is the tens digit of f?
7
Let g(a) = 1999*a**2 + 198*a - 405. What is the tens digit of g(2)?
8
Suppose w - 1715 = 2*q - 2*w, -1 = -w. Let j = q - -2186. What is the units digit of j?
0
Suppose 23316 - 4576 = 20*o. What is the tens digit of o?
3
Suppose 3*f + p - 4*p - 15 = 0, -4*f + 5*p + 21 = 0. Suppose 5*v + f*l = 493 + 899, 0 = -5*v - 5*l + 1390. What is the units digit of v?
0
Let z(b) = 581*b**2 + 8*b - 11. Suppose 7*t = 624 - 617. What is the tens digit of z(t)?
7
Let n(o) = 82*o**2 - 3*o + 2. Let w be n(1). Let m = w + 136. What is the units digit of m?
7
Let f be -12*((-1)/6 + (-20)/120). Suppose -5*n = -4*v - 625, 3*n - 9*v = -f*v + 388. What is the tens digit of n?
2
Suppose 1195719 = 324*p - 4637253. What is the tens digit of p?
0
Let m be 1*12*5*4/(-8). Let w(t) = -27*t - 151. What is the hundreds digit of w(m)?
6
Let p(u) = -18*u**2 + 18*u - 114. Let l(b) = -16*b**2 + 19*b - 114. Let k(w) = -7*l(w) + 6*p(w). What is the units digit of k(13)?
5
Suppose -5*l + 777*w - 774*w = -59866, -3*l + 4*w = -35902. What is the tens digit of l?
7
Let v(l) = -11*l**3 + 8*l**2 - 3*l + 9. What is the units digit of v(-7)?
5
Suppose 25*d = 144 + 1031. Suppose -4*g = -c - 3614, -d*g + 51*g - 3612 = 2*c. What is the hundreds digit of g?
9
Suppose -20*x = -11*x - 1719. Let m = x + 125. What is the hundreds digit of m?
3
What is the units digit of (3/6 - 1) + (-278538)/(-52) - 3?
3
Let v(i) = -i**2 - 12*i - 7. Let x be v(-10). Let p(t) = x*t**2 + 2*t**3 - 19*t**2 + 2 + 2 + 6*t. What is the tens digit of p(5)?
3
Suppose 0 = -173*j + 1056914 + 1820076. What is the units digit of j?
0
Let c(f) = 31*f + 2. Let t be c(-2)